alculate the highest common factor of 210397 and 341.
341
What is the greatest common divisor of 2108 and 44795?
527
Calculate the greatest common divisor of 1394 and 527.
17
What is the highest common divisor of 13516 and 27468?
436
What is the highest common factor of 260053 and 76?
19
What is the highest common factor of 133137 and 135?
27
What is the greatest common factor of 3948 and 1050?
42
Calculate the greatest common factor of 27747 and 2304.
9
What is the greatest common factor of 34013 and 2709?
301
What is the highest common factor of 690 and 26082?
138
Calculate the greatest common factor of 102285 and 1125.
45
What is the highest common divisor of 108730 and 2358?
262
Calculate the highest common factor of 9 and 29763.
9
Calculate the greatest common divisor of 3760 and 255210.
470
What is the highest common factor of 18640 and 400?
80
What is the highest common divisor of 139108 and 166?
166
Calculate the greatest common divisor of 1144 and 3861.
143
What is the greatest common divisor of 97566 and 1449?
483
Calculate the highest common factor of 136184 and 232.
232
Calculate the highest common factor of 9238068 and 1764.
1764
What is the highest common divisor of 74 and 1012838?
74
What is the greatest common factor of 7828 and 927?
103
What is the highest common divisor of 1616 and 347036?
404
Calculate the highest common factor of 2230 and 80850.
10
What is the highest common factor of 27542 and 33988?
586
What is the highest common divisor of 29784 and 378505?
1241
Calculate the greatest common factor of 23019 and 9.
3
Calculate the highest common divisor of 3178191 and 786.
393
What is the greatest common factor of 8978 and 871?
67
What is the highest common factor of 30 and 1243080?
30
What is the greatest common divisor of 3811 and 1961?
37
What is the highest common factor of 23 and 7935?
23
Calculate the greatest common divisor of 128315 and 440.
55
What is the greatest common divisor of 736 and 20884?
92
Calculate the greatest common factor of 56 and 250712.
56
What is the highest common factor of 9 and 101511?
9
Calculate the highest common factor of 793917 and 51.
51
Calculate the highest common factor of 68 and 3961.
17
Calculate the highest common divisor of 22302 and 1.
1
Calculate the highest common factor of 1323 and 17955.
189
Calculate the greatest common divisor of 30 and 37260.
30
What is the highest common factor of 75 and 301050?
75
What is the highest common factor of 53784 and 5427?
81
What is the greatest common factor of 230685 and 390?
195
Calculate the highest common factor of 914 and 3310051.
457
What is the highest common divisor of 124 and 22010?
62
Calculate the highest common factor of 63 and 73719.
9
What is the greatest common divisor of 82045 and 269?
269
Calculate the highest common divisor of 4748 and 6516630.
2374
What is the greatest common factor of 363 and 3388?
121
Calculate the greatest common divisor of 39825 and 90.
45
What is the highest common divisor of 690 and 2258715?
345
Calculate the highest common factor of 693903 and 573.
573
What is the highest common divisor of 800 and 847200?
800
What is the greatest common factor of 83700 and 25?
25
Calculate the greatest common divisor of 172 and 17768.
4
What is the greatest common divisor of 66035 and 1880?
235
What is the highest common factor of 2795 and 17888?
559
Calculate the highest common factor of 348 and 1239054.
174
What is the greatest common factor of 85 and 522835?
85
Calculate the greatest common factor of 500 and 1780.
20
Calculate the highest common divisor of 217938 and 42.
42
Calculate the highest common divisor of 97010 and 161320.
1090
What is the highest common factor of 1261 and 279263?
97
What is the greatest common factor of 140 and 65680?
20
Calculate the highest common factor of 6050 and 8800.
550
Calculate the highest common factor of 3549 and 1092.
273
What is the greatest common divisor of 46017 and 60?
3
What is the highest common divisor of 846 and 234?
18
Calculate the highest common factor of 390 and 1530.
30
Calculate the highest common factor of 14041 and 1824.
19
What is the highest common divisor of 2050 and 712?
2
Calculate the greatest common factor of 1195 and 131689.
239
Calculate the greatest common divisor of 35925 and 1800.
75
What is the greatest common divisor of 1501 and 14299?
79
What is the highest common factor of 25325 and 50?
25
Calculate the greatest common divisor of 598 and 5589.
23
Calculate the greatest common factor of 26 and 28834.
26
Calculate the highest common divisor of 3456 and 10560.
192
Calculate the greatest common divisor of 379 and 31457.
379
Calculate the highest common divisor of 230 and 10.
10
What is the highest common factor of 25665 and 336690?
435
Calculate the greatest common divisor of 6142 and 4316.
166
Calculate the greatest common divisor of 775643 and 253.
11
Calculate the greatest common divisor of 12170 and 100.
10
Calculate the greatest common factor of 181657 and 28.
7
Calculate the greatest common factor of 7613244 and 12.
12
What is the greatest common factor of 7199 and 115?
23
What is the highest common divisor of 158323 and 814?
407
Calculate the highest common factor of 1720 and 190490.
430
Calculate the highest common factor of 1672905 and 65.
65
What is the highest common divisor of 477668 and 4?
4
What is the greatest common divisor of 302059 and 2284?
571
Calculate the greatest common factor of 33 and 67441.
11
What is the highest common divisor of 729 and 5913?
81
What is the greatest common divisor of 873 and 50409?
9
Calculate the highest common factor of 77559 and 21837.
753
What is the greatest common factor of 80192 and 8288?
224
Calculate the greatest common factor of 342314 and 42.
14
Calculate the highest common divisor of 4995 and 4810.
185
Calculate the highest common divisor of 476 and 2128.
28
Calculate the highest common divisor of 430 and 2245.
5
What is the highest common divisor of 2670 and 1413498?
534
What is the highest common divisor of 1853 and 20056?
109
What is the greatest common divisor of 48818 and 3850?
154
Calculate the greatest common factor of 1136 and 96631.
71
What is the greatest common factor of 1345 and 3089465?
1345
What is the highest common factor of 1112 and 32104?
8
What is the greatest common factor of 597 and 123181?
199
Calculate the greatest common factor of 333 and 9916.
37
What is the highest common divisor of 19430 and 50?
10
Calculate the greatest common factor of 2592 and 523098.
162
What is the highest common divisor of 217 and 1512?
7
Calculate the greatest common divisor of 230635 and 137425.
1195
What is the highest common factor of 462 and 51198?
42
What is the highest common factor of 3422 and 1062?
118
What is the greatest common divisor of 244724 and 16598?
386
Calculate the greatest common divisor of 339 and 9517764.
339
Calculate the greatest common divisor of 128838 and 86286.
1182
Calculate the greatest common divisor of 306754 and 8.
2
What is the highest common factor of 92 and 3184166?
46
What is the greatest common factor of 369 and 170601?
123
Calculate the greatest common divisor of 1836 and 1080.
108
What is the greatest common divisor of 832 and 13000?
104
What is the greatest common divisor of 162 and 2066?
2
What is the highest common divisor of 10850 and 2506?
14
Calculate the highest common divisor of 9982 and 977802.
434
Calculate the highest common factor of 22 and 30602.
22
What is the greatest common divisor of 35 and 906190?
5
Calculate the highest common factor of 20 and 47590.
10
Calculate the highest common divisor of 18 and 5998122.
18
What is the greatest common divisor of 2312 and 784?
8
Calculate the greatest common factor of 67 and 1504351.
67
What is the highest common divisor of 936 and 119704?
104
Calculate the highest common factor of 25 and 11257.
1
What is the highest common factor of 424 and 79924?
212
What is the greatest common factor of 99180 and 162?
18
What is the greatest common factor of 58388 and 66?
22
Calculate the greatest common divisor of 304 and 81092.
76
What is the highest common divisor of 1906981 and 202?
101
What is the highest common factor of 200490 and 123?
123
Calculate the greatest common divisor of 2880 and 238176.
2